) in base 2?
1000110010000011101
What is -22021001120002 (base 3) in base 6?
-234034045
What is 331230 (base 5) in base 10?
11440
2201220220101 (base 3) to base 7
15240010
Convert -10001100111011100111011 (base 2) to base 8.
-21473473
Convert -1354210 (base 9) to base 4.
-2311300200
What is 104733a (base 12) in base 9?
5716021
11100110100011110000110 (base 2) to base 10
7554950
What is 736074 (base 8) in base 14?
652d6
Convert -10001001010101100 (base 2) to base 15.
-15c7b
-232100202 (base 4) to base 13
-6831c
What is 7ca77 (base 14) in base 5?
34211110
304331 (base 12) to base 5
143111002
Convert 55067 (base 8) to base 7.
124222
Convert -54d35 (base 14) to base 15.
-40e01
12550524 (base 7) to base 16
11a048
-65620302 (base 7) to base 3
-101121022011200
What is -6550308 (base 10) in base 6?
-352221300
Convert -939a2 (base 11) to base 8.
-413403
Convert 15085 (base 15) to base 11.
46898
-10502060 (base 7) to base 2
-11011101110000010010
What is 2213302013 (base 4) in base 6?
22421355
What is 8535336 (base 11) in base 12?
5049217
What is a41d (base 16) in base 10?
42013
What is fdbf (base 16) in base 3?
10022002220
a1111b (base 14) to base 11
3071929
What is -185646 (base 9) in base 2?
-11100001111111110
What is -80406 (base 13) in base 3?
-102122100210
What is -11dc4 (base 15) in base 6?
-1120221
Convert 1020302 (base 6) to base 2.
1100000011001110
17237 (base 14) to base 6
1124453
Convert -213051 (base 6) to base 7.
-102046
What is -75ab58 (base 13) in base 5?
-1202001013
What is -6408691 (base 10) in base 8?
-30344763
What is -4fc1 (base 16) in base 14?
-7625
-1053564 (base 7) to base 16
-1ff9e
Convert 1453587 (base 11) to base 12.
a03113
What is 3581414 (base 10) in base 5?
1404101124
What is -36e0 (base 15) in base 6?
-130033
929a2 (base 15) to base 4
1301122220
What is -20111002102 (base 3) in base 5?
-13041030
What is 2220112220220 (base 3) in base 8?
5713650
2acc7 (base 14) to base 3
12102111112
-341b34 (base 12) to base 11
-519764
2282200 (base 9) to base 4
10231202100
What is d66b0a (base 14) in base 5?
3323201323
What is 40451534 (base 6) in base 11?
720917
What is -311026 (base 7) in base 12?
-26941
What is 16488e (base 15) in base 7?
12111326
What is -205727 (base 13) in base 8?
-2702143
What is -10000010100110010 (base 2) in base 14?
-1a522
Convert -2203411 (base 5) to base 12.
-19b91
-211253 (base 6) to base 7
-101025
What is 243341133 (base 5) in base 6?
40412232
-1411124 (base 5) to base 4
-13003302
What is 1414838 (base 9) in base 16?
bde45
What is -377065 (base 9) in base 12?
-b00b8
What is -145561 (base 15) in base 5?
-222324331
-802ca (base 15) to base 4
-1203002020
2652401 (base 7) to base 13
c2b34
8a284 (base 11) to base 9
218342
6136114 (base 7) to base 5
141411042
What is 574b (base 13) in base 16?
2fc7
Convert 2450a5 (base 15) to base 16.
1a8628
Convert -20315234 (base 7) to base 4.
-12133131302
-18647 (base 16) to base 3
-12002001102
-1146541 (base 8) to base 12
-132169
What is -238781 (base 12) in base 3?
-1002012110221
30211120 (base 4) to base 8
144530
-9256b (base 15) to base 8
-1611361
What is 1655763 (base 11) in base 6?
140225135
What is -2630460 (base 9) in base 6?
-50445513
Convert 29139 (base 13) to base 14.
20160
1266053 (base 7) to base 10
167765
Convert 33b1b78 (base 12) to base 5.
10020422243
What is 57344 (base 12) in base 15?
246aa
What is 1033313210 (base 4) in base 6?
11002312
What is 738bd (base 14) in base 11?
180587
168b503 (base 12) to base 8
21626423
What is 627712 (base 8) in base 9?
347426
What is 2022200302 (base 4) in base 13?
16b310
-300068 (base 10) to base 7
-2356556
Convert -417244 (base 8) to base 6.
-2551044
Convert -7e346 (base 15) to base 13.
-1111b3
What is -363b3 (base 12) in base 13?
-273a5
51460447 (base 8) to base 4
221212010213
What is -360233 (base 9) in base 16?
-34e81
What is -201022211022100 (base 3) in base 2?
-100111001011100110000010
What is -5cc7b (base 14) in base 3?
-102120000210
Convert -2212002110120 (base 3) to base 6.
-52304540
-8093b9 (base 14) to base 6
-232433115
Convert 253005550 (base 6) to base 3.
100012221202210
-121002001 (base 4) to base 16
-19081
329278 (base 11) to base 8
2000705
Convert 1597460 (base 11) to base 13.
742469
11b8369 (base 14) to base 3
121000111001100
What is -43e81 (base 15) in base 10?
-215896
Convert -22941cd (base 14) to base 9.
-34025461
20628 (base 11) to base 12
15472
What is -5561561 (base 7) in base 16?
-a7cd5
-23322232200 (base 4) to base 9
-5781443
What is 2111002012000 (base 3) in base 15?
1b1339
-111100111111101101 (base 2) to base 4
-330333231
Convert 214478 (base 9) to base 12.
62082
-33244132 (base 5) to base 8
-1067356
68b1 (base 12) to base 8
26605
What is -49745 (base 12) in base 3?
-12001120022
-4f589c (base 16) to base 4
-103311202130
-1030213322 (base 4) to base 6
-10421002
What is -102212133 (base 4) in base 15?
-17896
Convert 300a19 (base 13) to base 3.
2002200022012
-491780 (base 13) to base 11
-a92635
What is -2010112022 (base 3) in base 9?
-63468
What is 4d44b (base 16) in base 6?
10441123
1713a66 (base 15) to base 16
ffe142
What is 962143 (base 11) in base 14?
2c13b9
What is 8462e (base 15) in base 9?
708878
What is 2a8a1 (base 13) in base 16?
13abf
Convert -314213543 (base 6) to base 5.
-2403214421
What is 10100020210 (base 3) in base 15?
14763
133123033220 (base 4) to base 8
37331750
-3464660 (base 8) to base 11
-595731
Convert -218615 (base 16) to base 7.
-24450200
35a54a (base 15) to base 5
1124104240
30020300311 (base 4) to base 14
5cb6a9
What is 1123703 (base 10) in base 5?
241424303
-2266325 (base 7) to base 14
-760bc
Convert -35341231 (base 6) to base 5.
-240230112
Convert -10203113322 (base 4) to base 15.
-188946
What is -11102111222111 (base 3) in base 14?
-453457
-1111101101011101110010 (base 2) to base 7
-50001646
Convert -213342413 (base 6) to base 15.
-503573
Convert -5031531 (base 7) to base 5.
-123033213
Convert -2432350 (base 6) to base 7.
-1044504
Convert -433146 (base 8) to base 12.
-6bab2
Convert 6760b5 (base 15) to base 11.
2868849
-513412330 (base 6) to base 14
-12657c2
What is -11010001001000100 (base 2) in base 6?
-2143420
-10360130 (base 10) to base 5
-10123011010
Convert 39a5c (base 15) to base 14.
4b3ab
What is 232023132 (base 4) in base 15?
3b0a0
20a7c09 (base 13) to base 7
150426055
What is 14b3c (base 16) in base 15?
1a1d1
Convert -10332002331 (base 4) to base 9.
-2404883
-1b7c0d (base 14) to base 3
-1211220000101
-1505300 (base 6) to base 11
-5a180
What is -530c2 (base 13) in base 7?
-1162006
Convert -127736 (base 9) to base 5.
-4442444
What is 218b2a (base 13) in base 6?
24540134
Convert -4864218 (base 10) to base 4.
-102203203122
Convert 13266108 (base 9) to base 8.
30743723
2b41b (base 12) to base 5
3423304
What is 5576613 (base 8) in base 12?
607b23
1013002 (base 7) to base 2
11101100011111001
31463334 (base 7) to base 14
4d761b
Convert -1605a4a (base 14) to base 16.
-a45f02
Convert 3565244 (base 7) to base 11.
28a580
-14343031 (base 5) to base 7
-1204514
-175213 (base 8) to base 13
-2326a
Convert 1845597 (base 10) to base 5.
433024342
What is 5026d5 (base 14) in base 3?
12001222011210
What is 12222220 (base 4) in base 15?
8154
-ab518 (base 12) to base 8
-673444
230233013 (base 4) to base 11
115741
What is 115024343 (base 7) in base 10?
7182941
What is -695264 (base 10) in base 7?
-5624003
-572216 (base 8) to base 6
-4052354
-3501220 (base 7) to base 10
-437437
Convert 79d251 (base 14) to base 7.
50150231
-88188 (base 9) to base 12
-29a15
-1336210 (base 8) to base 15
-765ce
-111110010010001 (base 2) to base 9
-47662
-100101001110010101 (base 2) to base 13
-54525
What is 4bb02 (base 16) in base 14?
80da2
What is 1222002002102 (base 3) in base 9?
1862072
What is 9465111 (base 10) in base 8?
44066427
Convert 122213323 (base 4) to base 15.
224a1
55416401 (base 7) to base 2
10010001110011101110100
What is 199638b (base 13) in base 15?
b1a7ee
Convert -320300000 (base 5) to base 6.
-44400044
-10010111110101001011001 (base 2) to base 5
-2233201233
-116460 (base 13) to base 9
-700546
What is -114410452 (base 6) in base 8?
-10237300
6126260 (base 7) to base 14
14dcd7
What is 10120110111 (base 3) in base 15?
15c81
-2b4b0 (base 15) to base 5
-13430230
What is 2035602 (base 8) in base